t is the tens digit of h(1)?
7
Suppose -4*y - 1678 = -2*o + 3530, 3*o = -3*y + 7830. What is the tens digit of o?
0
Let y(d) = 6*d + 21. Let a be y(11). Suppose 5*w - 460 = -5*t, 0 = -w - 0*t + 4*t + a. What is the tens digit of w?
9
Let m = 3688 + -2208. What is the thousands digit of m?
1
Suppose 9*l + 14 = 11*l. What is the units digit of (-78)/l*(5 + -12)?
8
Let a = -50 - -54. What is the hundreds digit of (-31 + a/2)*(-65)/13?
1
Let f(w) be the first derivative of 4*w**3/3 + 13*w**2/2 + 5*w + 99. Suppose -2*i = -3*k + 41 - 16, 0 = k - 5. What is the units digit of f(i)?
0
Let m(t) = 563*t + 208. What is the thousands digit of m(3)?
1
Let t(a) = 2*a - 10. Let p be t(5). Suppose -5*l = -2*s - 232, l + l - 2*s - 88 = p. Let w = -22 + l. What is the tens digit of w?
2
Suppose 2*n - 3*a + 751 = 4*n, -n - 3*a + 368 = 0. What is the units digit of n?
3
Let x(u) = -49*u + 3. Let l be ((-9)/12)/((-1)/8). Suppose l*p + 2 = 4*p. What is the tens digit of x(p)?
5
Suppose -231*h + 228*h - 3*t = -16863, 2*h + 5*t - 11236 = 0. What is the hundreds digit of h?
6
What is the units digit of 0 + ((-16980)/(-40))/(6/52)?
9
Let s = 9 + -4. Suppose -4*g + 4*i = 8, 4*i = -7*g + s*g - 22. Let b(u) = u + 9. What is the units digit of b(g)?
4
Let b(n) = n**3 + 10*n**2 - 12*n + 10. Let g be 44/(-20) + (-1)/(-5). Let p = -9 + g. What is the units digit of b(p)?
1
Let l be (3 + 2)/(-5) - -7. Suppose 89 = l*u - 139. What is the units digit of u?
8
Let c = 710 + 1365. What is the tens digit of c?
7
Suppose 2*h + 0*h = 0. Let l = 2 + 87. Suppose 8*w - 441 + l = h. What is the units digit of w?
4
Let z(h) = 19*h**3 + 5*h**2 + 8*h - 38. What is the hundreds digit of z(3)?
5
Let a(m) = m**2 - 16*m - 33. Let j be a(18). What is the units digit of (-3)/(9/(-319)) + (-1)/j?
6
What is the hundreds digit of (18 - -68)*23/2?
9
Suppose 17*f + 47232 = 49*f. What is the units digit of f?
6
Suppose -4*v = -4*m + 28, 3*v - 2*v + 15 = -3*m. What is the tens digit of v/(-3)*58/6?
2
Suppose 3*u = 4*u + 4. Let z be -15 - (4 + u/4). What is the units digit of z*((-12)/(-8) + -2)?
9
Suppose -y - 5*d = y + 501, 0 = -4*y + 3*d - 963. What is the units digit of ((-80)/12 - -6)*y/2?
1
Suppose z - 483 = -2*t, -5*z = -2*t + 5*t - 2443. What is the hundreds digit of z?
4
Let l = -17 - -39. Suppose -3*v + l + 20 = 0. What is the units digit of v?
4
Let q(c) be the third derivative of -c**5/60 + 11*c**4/24 + 7*c**2. Let f be 7/(-28) + 42/8. What is the tens digit of q(f)?
3
Suppose -10*u + 3565 = -10015. What is the units digit of u?
8
Suppose h = 5*h + 140. Let p(s) = 3*s**2 - 9*s + 21. Let q be p(6). Let r = h + q. What is the units digit of r?
0
Suppose -2*h - 2810 = -4*c, 2109 = -9*c + 12*c - 2*h. What is the tens digit of c?
0
Let g(o) = o**2 - 4*o + 5. Let z = 3 + -12. Let p = z - -14. What is the units digit of g(p)?
0
Let x be -2 + (24/3 - 1). Suppose 0 = -4*k + 4*s + 312, -2*k + x*s + 226 = k. What is the tens digit of k?
8
Let o be 9 - 11 - (-8)/2. Suppose -w - 3*w + 8 = 0, o*t + 2*w = 220. Suppose a + 243 = 5*c, 0*c - 4*a = -2*c + t. What is the units digit of c?
8
Let f(o) = -o**3 - 6*o**2 + 9*o - 12. What is the units digit of f(-10)?
8
Let t(h) = h + 6. Let i(d) = -2*d**2 + 12*d + 12. Let p be i(7). Let w be t(p). Let q(l) = l + 9. What is the tens digit of q(w)?
1
Let b be -164 + (3 + -4 - -4). Let n = -51 - b. What is the units digit of n?
0
Suppose -5*n - 4*v + 30 + 61 = 0, -2*n - 2*v + 36 = 0. Suppose 0 = 3*b - b - t - n, 0 = 3*b + 5*t - 48. What is the units digit of b?
1
Let q(u) = -u**3 - 5*u**2 + 8. Suppose -4*o - 24 = 4*r, 4*o + 0*o + 5*r + 24 = 0. What is the tens digit of q(o)?
4
Let r be 25/(4 + (-15)/4). What is the tens digit of (r/30)/((-2)/(-36))?
6
Let l(w) = 9*w**2 + w + 16. What is the units digit of l(5)?
6
What is the tens digit of 2/(-20)*-4 + 2958/5?
9
Let x be (73875/(-12))/(3/12) + 1. What is the tens digit of (-2)/(-11) - x/209?
1
Let m(v) = v**2 - v. Let d be m(3). Let y = -135 + 134. What is the units digit of ((-2)/d)/(y/24)?
8
Let f = 10 - 24. Let a = f - -46. What is the tens digit of a?
3
Suppose 24 = 11*f - 15*f. Let i(z) = z**3 + 8*z**2 - 2*z - 11. Let j be i(f). Suppose -j + 28 = -l. What is the tens digit of l?
4
What is the tens digit of (-1316)/(1 - 3) + -107 + 102?
5
Let q(h) = -h**2 + 3*h + 3. Let z be -1*12/(12/(-3)). Let w be q(z). Suppose -w*v + 4*v = 22. What is the tens digit of v?
2
Suppose 0*r = r + j - 2, -2*r = -3*j + 6. What is the hundreds digit of 1288/(-8)*(-1 - r)?
1
Suppose 4*b = 4*i + 9076, -5*b = 5*i - 3*i - 11317. What is the tens digit of b?
6
Let m(b) = 884*b**2 + b. What is the hundreds digit of m(1)?
8
Let u be -2*(-2 + (-285)/6). Suppose -3*r = 3*f - u, 2*r + 12 + 38 = 2*f. Suppose 31 = 5*s - f. What is the tens digit of s?
1
Suppose -3*t = -8*t - 130. Let y = t + 26. Suppose -36 + y = -l - 4*b, 4*l - 204 = -4*b. What is the units digit of l?
6
What is the hundreds digit of (-2)/((-15)/(-4190)*(-4)/3)?
4
Let t(x) = x**2 - 6*x + 10. Let d be 37/5 + (-3)/(-5). Let f be t(d). Suppose k + 4*n - 8 = 0, 14 = 5*k - 5*n - f. What is the units digit of k?
8
Let o = 5 - 5. Let f = o - -2. Suppose -2*r + 4*v - 64 = -5*r, -f*v - 72 = -5*r. What is the tens digit of r?
1
Let a(g) = g**3 - 6*g**2 + 2*g. Suppose 0 = -2*t + 5*t - 12. Let r be 0 + 2 + 0 + t. What is the units digit of a(r)?
2
What is the hundreds digit of 718 - 1 - (5 + -12)?
7
Let d be 0/(1/(5 - 4)). Suppose d*x - 4 = -2*x. What is the units digit of ((-132)/(-36))/(x/6)?
1
Suppose 36 + 428 = 4*n. Suppose -2*w = -2*s + n, -3*s + 158 = w + 4*w. What is the tens digit of s?
5
Let s = -755 - -1082. What is the hundreds digit of s?
3
Suppose 5*w - 1615 = -2*i, 7*w = 4*w - 15. What is the units digit of i?
0
Let i = -2 + 919. What is the tens digit of i?
1
Suppose -r + 3*a + 24 = 2, -a - 96 = -5*r. What is the units digit of r?
9
Let f(w) = 969*w + 850. What is the units digit of f(5)?
5
Let t = -8 - -16. Let b(r) = -r**2 + 16*r - 2. What is the tens digit of b(t)?
6
Let z(o) = 18*o**2 + 1. Let n be z(-3). What is the tens digit of n/4 + (-3)/(-12)?
4
What is the tens digit of (-1 + 22)*5/(-30)*-46?
6
Let u(d) = -3*d**3 - 18*d**2 + d + 9. Let g be u(-6). Suppose -3*j + g*t + 396 = 0, -3*j - 4*t + 402 - 34 = 0. What is the hundreds digit of j?
1
Let b = 13 + -13. Suppose -2*d + 32 + 110 = b. What is the units digit of d?
1
Suppose 64*b - 59*b = 40. Let t(f) = f**2 + 8*f - 12. What is the units digit of t(b)?
6
Suppose 2*d + d - 3*v - 93 = 0, -82 = -2*d - 3*v. Suppose -d = -4*s - 283. Let k = -37 - s. What is the units digit of k?
5
Let i(b) be the third derivative of 0 + 1/30*b**5 + 0*b**3 - 1/24*b**4 - 2*b**2 + 0*b. What is the units digit of i(2)?
6
Let h(o) = o**2 + 8*o - 8. Let r be h(-10). Let k(f) = -f**2 + 5*f + 2. Let y be k(6). Let s = r + y. What is the units digit of s?
8
What is the hundreds digit of 48835/25 + 2 + (-9)/(-15)?
9
Let b(c) = 9*c**3 - c**2 - 2*c - 2. Let q be b(-1). Suppose -5*x - 285 = -2*x. What is the tens digit of q/20 - x/2?
4
Let m = -296 + 787. What is the hundreds digit of m?
4
Let c = -62 - -299. What is the units digit of c?
7
Let n(g) = 4*g**2 - 9*g - 143. What is the hundreds digit of n(-8)?
1
Let g(k) = 35*k - 14. Let t be g(2). Suppose x + d = 69 + 7, 0 = -x - 5*d + t. What is the units digit of x?
1
Suppose 66 + 79 = 5*u. Let p be u + -4 + (-7 - -3). Suppose a = 3*r - 20, 5*a + 1 = p. What is the units digit of r?
8
Let v be 0 - (-1 - (-4)/4). Suppose v = -5*u - 20, -3*k = -u - 2*u + 285. What is the tens digit of k/(-3)*1 - 4?
2
Suppose v = -0*b - 3*b + 252, -1063 = -4*v - b. Let l = v - 170. What is the tens digit of l?
9
Let p = -46 - -51. Suppose -201 - 444 = -p*u. What is the tens digit of u?
2
Let q(l) = -60*l**3 + l**2 - 7*l + 11. What is the thousands digit of q(-4)?
3
Let f be (9/6)/((-2)/8). Let c = 17 - f. What is the units digit of c?
3
Let l(r) = 120*r + 16. Let w be 6*(1/(-15) + (-14)/(-35)). What is the tens digit of l(w)?
5
Suppose -8*t - 83 = 2*v - 3*t, 4*t = -5*v - 165. Let w be (22/(-6))/(4/48). Let s = v - w. What is the units digit of s?
5
Let m = -25 + 1. Let p = 13 - m. What is the tens digit of p?
3
Suppose 3*i = 9 + 90. What is the units digit of i + 3 + 1 + -3?
4
Suppose -q + 12 = 10. Suppose -q*i - 27 = o,